2*(-3)/(-12)*-142. Let o = v - -147. What is the units digit of o?
6
Let t = -1306 - -5408. What is the tens digit of t?
0
Let i(k) = k**3 + k + 21. Suppose 0 = 3*r - 6, -3*z + 2*r - 2 = 2. Suppose z = -5*u + j + 6 - 1, 5*u + 5 = -j. What is the units digit of i(u)?
1
Suppose -732*j = -621*j - 5731929. What is the ten thousands digit of j?
5
Suppose -22 + 16 = -2*q. Let x be ((-2)/q)/((-3)/9). Suppose x*w + 0*w + m = 328, 5*w - 820 = -m. What is the hundreds digit of w?
1
Let w(f) = 22*f**2 - 3*f + 96. Let g be 2/2 - 8*(-1 + 2). What is the tens digit of w(g)?
9
Let q(s) = -s**2 + 14*s + 21. Let c be q(15). Suppose 13 = c*v - 5. Suppose v*d - 28 = 4*t, 1 - 43 = -2*d - 2*t. What is the tens digit of d?
1
Suppose 4*s + w = 19, 5*s - 35 = -w - 4*w. Suppose 358 = 5*u - s*n - 3299, -n = -2. What is the units digit of u?
3
Suppose 0 = -27*i + 13*i + 13058 + 65356. What is the thousands digit of i?
5
Let t be (16/(-12))/(5/(-5460)). Suppose 5*n = 9*n - t. What is the tens digit of n?
6
Let q(x) = -25*x**2 - 60*x - 136 + 13*x**2 + 11*x**2. What is the tens digit of q(-24)?
2
Let z(d) = -4*d**3 - 277*d**2 - 123*d + 133. What is the thousands digit of z(-70)?
3
What is the thousands digit of (-3)/11 - 47864/(-11)?
4
Let x(b) = -2123*b - 684. What is the hundreds digit of x(-9)?
4
Let b = -2386 + 2336. Let i = 321 + -161. Let r = i + b. What is the hundreds digit of r?
1
Suppose 0 = -5*u - w + 12, u - 3*w = -0*w - 4. Suppose -5*o + 4729 = -u*z, 11*z - 6*z - 4750 = -5*o. What is the tens digit of o?
4
Let z(v) = 4541*v**2 + 9*v - 2. What is the tens digit of z(1)?
4
Let o(z) = 1592*z - 665. What is the thousands digit of o(13)?
0
Suppose 8*z - 1144 - 1008 = 0. Let g = z + 1025. What is the units digit of g?
4
Let t = 6372 - 4398. Suppose -3*m + t = 4*q, -2*q - 1071 = -2*m + 231. What is the units digit of m?
4
Let i = 9323 - 672. What is the tens digit of i?
5
Let x(i) be the second derivative of i**5/5 + i**3/3 - i**2/2 - 4*i. Let c be 78/(-104)*8/(-3). What is the tens digit of x(c)?
3
Let s(t) = 2*t**2 + 60*t + 42145. What is the thousands digit of s(0)?
2
Suppose 48 = 3*p - u, 5*p + 80 = 10*p + 3*u. Suppose 0 = 5*o - 4*l - 4398, -3*o + 11*l + 2624 = p*l. What is the hundreds digit of o?
8
Let s = -22 - 19. Let t = s - -76. Let l = 117 - t. What is the tens digit of l?
8
Suppose -6*h = -12*h + 111732. What is the ten thousands digit of h?
1
Suppose -16*p + 127 = 47. Suppose -4*t = 2*i + 2*i - 1212, -3*t = -p*i - 901. What is the hundreds digit of t?
3
Suppose -32*b + 15126 = -60554. Let g = -1342 + b. What is the tens digit of g?
2
Let h(q) = 12*q - 4. Let x be h(4). Let o = 47 - x. Suppose -90 - 150 = -o*c. What is the tens digit of c?
8
Suppose 60*c - 42*c - 2573034 = -68*c. What is the units digit of c?
9
Let s(z) = 9*z**3 + 86*z**2 - 1211*z - 28. What is the thousands digit of s(16)?
9
Let g = 7097 - 2205. What is the units digit of g?
2
What is the units digit of (6/(-4))/((-39)/146328*14)?
2
Suppose 0 = -57*b + 45*b + 25344. Suppose -4*f - b = -3*w - 7*f, -2825 = -4*w + 5*f. What is the hundreds digit of w?
7
Let r(i) = 15*i**3 - 4*i**2 - 42*i + 2. What is the hundreds digit of r(6)?
8
Let u(g) = -11*g**3 - 38*g**2 + 56*g + 949. What is the hundreds digit of u(-21)?
8
Let q = -3374 + 7528. What is the tens digit of q?
5
Suppose 0 = -w - 1 - 2, -w = 4*c - 85. Let g = -22 + c. Suppose 0 = 4*f - 2*t - 104, 2*f - 3*t + g*t - 44 = 0. What is the units digit of f?
8
Let b = 8006 - 3428. What is the units digit of b?
8
Let p be ((-867)/(-2) - 5)*2. Let j = 1912 - p. Suppose -6*l = -11*l + 2*f + j, 0 = -3*l - 5*f + 664. What is the units digit of l?
3
Suppose 18*p + 10*p - 168 = 0. What is the units digit of 2 - 5 - (-943 + p)?
4
Suppose 17786 = 11*i - 9153. Suppose -3*y + 3693 = 2*c, -2*y + i = -7*c + 4*c. What is the tens digit of y?
2
Let u = 13239 - 3627. What is the hundreds digit of u?
6
Let r(s) = 3*s**2 - 22*s - 44. Let v be r(21). Suppose 0 = -3*t - 2*g + v, 5*t + 6*g - g - 1360 = 0. What is the tens digit of t?
7
Let g be (13906/68)/(3/(-30)). Let i = -1014 - g. What is the units digit of i?
1
Let y(x) = -x**2 - 10*x - 14. Let u be y(-4). Suppose u*i = 9*i - 6. Let s(f) = -f**3 - 7*f**2 - 11*f + 5. What is the units digit of s(i)?
5
Suppose 4*h - 460 = 14*h. Let d = 46 + h. Suppose 5*w - 5*t = 10, 3*t = -w - d*w + 18. What is the units digit of w?
6
Let g = -155 + 389. Let v = -81 + g. Let a = -63 + v. What is the units digit of a?
0
Let f(v) be the second derivative of v**5/20 + v**4/4 + 27*v**2/2 + 3*v + 2. What is the hundreds digit of f(5)?
2
Let f = 1852 - 1319. Let s(h) = h**2 + 2*h - 4. Let v be s(-4). Suppose v*y + 2*j - 333 - 209 = 0, -4*y + j = -f. What is the tens digit of y?
3
Let u = -163 - -70. Let v = -33 - u. What is the hundreds digit of v/(4*(-2)/(-16))?
1
Suppose -6*g + 896 + 52 = 0. Let w = g - 82. Let r = w - 22. What is the units digit of r?
4
Let r be 16/48*1*6. Suppose -3 = k + 2*i, -k + 2*i - 5*i - 7 = 0. Suppose -k*g = c - 358, -r*g + 203 = 5*c + 46. What is the units digit of g?
1
Suppose 182 - 550 = -4*h. Suppose 4*n - 3*n + 53 = a, -h = -2*a - 5*n. What is the tens digit of a?
5
Suppose 6*v - 9 = 3. Suppose y = x - 0*x + 14, -y + 29 = v*x. Suppose -5*c - m + 158 = -5*m, c - y = 5*m. What is the units digit of c?
4
Let s = 95 + 69. Suppose 724 = 4*c - 4*y + s, 2*y = -5*c + 707. What is the units digit of c?
1
Let m(p) = 17*p**2 + 2*p - 13*p**3 - 2 + 8*p**2 + 16*p**3 - 7*p**3. What is the hundreds digit of m(4)?
1
Let m(g) = -32*g + 12. Suppose -v + 4*r + 6 = -4, v + 3*r = -25. Let c be 8/(-1)*(-10)/v. What is the hundreds digit of m(c)?
2
Let u(s) = 1929*s + 1729. What is the units digit of u(18)?
1
Let l(i) = -2*i**2 - 9*i + 6. Let v be l(-5). Let p(j) = 2*j**2 + 2*j. Let h be p(v). Suppose a = 188 - h. What is the hundreds digit of a?
1
What is the tens digit of (-131)/(261/(-129) - 66/(-33))?
3
Suppose -v + 12 = -4*c, 34 = 3*v - 5*c - 9. Suppose n - 2833 = -5*o, 3*o - 1713 = -5*n - 0*n. Suppose -5*y = v - o. What is the units digit of y?
0
Let v be -9 + (-39)/(-4) - (-2259)/(-4). What is the tens digit of (14/(-4) - -1)*v/10?
4
Let i = 9 + -3. Suppose 40*j - 7*j = 6138. What is the tens digit of j/(i + -3) + -3?
5
Suppose -8*a = -7*a + 5*i + 453, -5*i - 896 = 2*a. Let w = -348 - a. What is the tens digit of w?
9
Let n(z) = 1427*z**2 - 16*z - 41. What is the hundreds digit of n(-2)?
6
Suppose 5*x + 5*a - 557 = 4*a, 5*a = 4*x - 463. Let i = 191 - x. What is the units digit of i?
9
Let o(a) = 3*a + 30. Let s(g) = 5*g - 11. Let b(l) = -11*l + 21. Let x(t) = -6*b(t) - 11*s(t). Let j be x(1). What is the tens digit of o(j)?
4
Let r(u) = 8*u - 270. Let q be r(39). What is the thousands digit of (-4)/q + 48052/42?
1
Suppose 383*l = 384*l - 2*n - 65503, -2*n + 196517 = 3*l. What is the hundreds digit of l?
5
Suppose 5*d - 59 = -4*x + 5, 32 = 2*x + 5*d. Let a = x + -11. Suppose -m = l - 23, -a*m + 109 = 2*l - 9. What is the units digit of m?
4
Suppose 2*w = -0*w + 2*a, w = -4*a + 25. Suppose 2*r - 2*u = w*r - 2124, -1416 = -2*r - 4*u. Let o = r - 491. What is the units digit of o?
7
Let z(j) = -j**3 + 11*j**2 - 40*j + 17. What is the hundreds digit of z(-25)?
5
Let p(b) = b**2 + 5*b - 1. Let k be p(-4). Let r(m) be the first derivative of 3*m**2/2 + 48*m + 614. What is the tens digit of r(k)?
3
Suppose 95*q = 85*q + 511965 - 106925. What is the units digit of q?
4
Let r = 14 + -12. Suppose 3*w - 1144 = -y, 4*w + 396 = r*y + 1918. What is the hundreds digit of w?
3
Suppose -454*u + 5*k = -451*u - 2878, 0 = 2*u - 2*k - 1920. What is the units digit of u?
1
Let v(u) = -16031*u - 749. What is the ten thousands digit of v(-3)?
4
Let h be (4/(-5))/(2/(-3905)). Let x be (-12)/(-54) - h/(-18). Suppose 2*i - 115 = x. What is the hundreds digit of i?
1
Let c = 49 - 10. Let n = c - 42. What is the tens digit of (-252)/n*(-6)/(-9)?
5
Let b(y) = -y**3 + 17*y**2 + 46*y - 136. Let v be b(19). Suppose -u = v - 124. What is the tens digit of u?
0
Let b be -8 - 0 - -7382 - (7 - 3). Suppose -17*x + 2745 + b = 0. What is the tens digit of x?
9
Let d be 1 - (2 + 2) - -615. Suppose -j - t + 151 = 0, 2*j - d = -2*j - 2*t. What is the tens digit of j?
5
Suppose i + 29*r - 24*r = 1513, -3*r = 4*i - 6154. What is the units digit of i?
3
Let l(s